{"id":449,"date":"2025-04-09T19:03:38","date_gmt":"2025-04-09T17:03:38","guid":{"rendered":"https:\/\/valerierochery.com\/?page_id=449"},"modified":"2025-12-11T10:52:50","modified_gmt":"2025-12-11T09:52:50","slug":"ou-trouver-les-livres","status":"publish","type":"page","link":"https:\/\/valerierochery.com\/index.php\/ou-trouver-les-livres\/","title":{"rendered":"O\u00f9 trouver les livres"},"content":{"rendered":"\t\t<div data-elementor-type=\"wp-page\" data-elementor-id=\"449\" class=\"elementor elementor-449\">\n\t\t\t\t<div class=\"elementor-element elementor-element-94bf45c e-flex e-con-boxed wpr-particle-no wpr-jarallax-no wpr-parallax-no wpr-sticky-section-no wpr-equal-height-no e-con e-parent\" data-id=\"94bf45c\" data-element_type=\"container\" data-e-type=\"container\">\n\t\t\t\t\t<div class=\"e-con-inner\">\n\t\t\t\t<div class=\"elementor-element elementor-element-ec77c86 wpr-advanced-text-style-animated wpr-fancy-text-typing wpr-animated-text-infinite-yes elementor-widget elementor-widget-wpr-advanced-text\" data-id=\"ec77c86\" data-element_type=\"widget\" data-e-type=\"widget\" data-settings=\"{&quot;anim_loop&quot;:&quot;yes&quot;}\" data-widget_type=\"wpr-advanced-text.default\">\n\t\t\t\t<div class=\"elementor-widget-container\">\n\t\t\t\t\t\n\t\t<h3 class=\"wpr-advanced-text\">\n\n\t\t\t\t\t\n\t\t\t\t\t\t\t<span class=\"wpr-advanced-text-preffix\">En cours<\/span>\n\t\t\t\n\t\t<span class=\"wpr-anim-text wpr-anim-text-type-typing wpr-anim-text-letters\" data-anim-duration=\"200,2000\" data-anim-loop=\"yes\">\n\t\t\t<span class=\"wpr-anim-text-inner\">\n\t\t\t\t\t\t\t\t\t<b>Le calendrier des salons et rencontres<\/b>\n\t\t\t\t\t\t\t\t\t<b>Les librairies et sites internet o\u00f9 trouver les livres<\/b>\n\t\t\t\t\t\t\t<\/span>\n\t\t\t<span class=\"wpr-anim-text-cursor\">|<\/span>\t\t<\/span>\n\n\t\t\t\t\n\t\t<\/h3>\n\t\t\n\t\t\t\t\t\t<\/div>\n\t\t\t\t<\/div>\n\t\t\t\t<div class=\"elementor-element elementor-element-7385dec elementor-widget elementor-widget-heading\" data-id=\"7385dec\" data-element_type=\"widget\" data-e-type=\"widget\" data-widget_type=\"heading.default\">\n\t\t\t\t<div class=\"elementor-widget-container\">\n\t\t\t\t\t<h2 class=\"elementor-heading-title elementor-size-default\">La boutique en ligne <\/h2>\t\t\t\t<\/div>\n\t\t\t\t<\/div>\n\t\t\t\t<div class=\"elementor-element elementor-element-098d238 elementor-widget elementor-widget-text-editor\" data-id=\"098d238\" data-element_type=\"widget\" data-e-type=\"widget\" data-widget_type=\"text-editor.default\">\n\t\t\t\t<div class=\"elementor-widget-container\">\n\t\t\t\t\t\t\t\t\t<p>Vous pouvez acheter les livres et les produits d\u00e9riv\u00e9s sur la boutique en ligne directement ici.<\/p>\t\t\t\t\t\t\t\t<\/div>\n\t\t\t\t<\/div>\n\t\t\t\t<div class=\"elementor-element elementor-element-97af40b elementor-widget elementor-widget-button\" data-id=\"97af40b\" data-element_type=\"widget\" data-e-type=\"widget\" data-widget_type=\"button.default\">\n\t\t\t\t<div class=\"elementor-widget-container\">\n\t\t\t\t\t\t\t\t\t<div class=\"elementor-button-wrapper\">\n\t\t\t\t\t<a class=\"elementor-button elementor-button-link elementor-size-sm\" href=\"https:\/\/valerie-rochery-auteure.sumupstore.com\/\">\n\t\t\t\t\t\t<span class=\"elementor-button-content-wrapper\">\n\t\t\t\t\t\t\t\t\t<span class=\"elementor-button-text\">Cliquez ici pour entrer dans la boutique<\/span>\n\t\t\t\t\t<\/span>\n\t\t\t\t\t<\/a>\n\t\t\t\t<\/div>\n\t\t\t\t\t\t\t\t<\/div>\n\t\t\t\t<\/div>\n\t\t\t\t<div class=\"elementor-element elementor-element-6c45cf5 elementor-widget-divider--view-line elementor-widget elementor-widget-divider\" data-id=\"6c45cf5\" data-element_type=\"widget\" data-e-type=\"widget\" data-widget_type=\"divider.default\">\n\t\t\t\t<div class=\"elementor-widget-container\">\n\t\t\t\t\t\t\t<div class=\"elementor-divider\">\n\t\t\t<span class=\"elementor-divider-separator\">\n\t\t\t\t\t\t<\/span>\n\t\t<\/div>\n\t\t\t\t\t\t<\/div>\n\t\t\t\t<\/div>\n\t\t\t\t<div class=\"elementor-element elementor-element-586e676 elementor-widget elementor-widget-heading\" data-id=\"586e676\" data-element_type=\"widget\" data-e-type=\"widget\" data-widget_type=\"heading.default\">\n\t\t\t\t<div class=\"elementor-widget-container\">\n\t\t\t\t\t<h2 class=\"elementor-heading-title elementor-size-default\">En librairie<\/h2>\t\t\t\t<\/div>\n\t\t\t\t<\/div>\n\t\t\t\t<div class=\"elementor-element elementor-element-bdb430f elementor-widget elementor-widget-text-editor\" data-id=\"bdb430f\" data-element_type=\"widget\" data-e-type=\"widget\" data-widget_type=\"text-editor.default\">\n\t\t\t\t<div class=\"elementor-widget-container\">\n\t\t\t\t\t\t\t\t\t<ul><li><strong>Espace Culturel Leclerc Sarlat<\/strong> Avenue de Madrazes 24200 Sarlat<\/li><\/ul>\t\t\t\t\t\t\t\t<\/div>\n\t\t\t\t<\/div>\n\t\t\t\t<div class=\"elementor-element elementor-element-e8c0f0e elementor-widget-divider--view-line elementor-widget elementor-widget-divider\" data-id=\"e8c0f0e\" data-element_type=\"widget\" data-e-type=\"widget\" data-widget_type=\"divider.default\">\n\t\t\t\t<div class=\"elementor-widget-container\">\n\t\t\t\t\t\t\t<div class=\"elementor-divider\">\n\t\t\t<span class=\"elementor-divider-separator\">\n\t\t\t\t\t\t<\/span>\n\t\t<\/div>\n\t\t\t\t\t\t<\/div>\n\t\t\t\t<\/div>\n\t\t\t\t<div class=\"elementor-element elementor-element-8998487 elementor-widget elementor-widget-heading\" data-id=\"8998487\" data-element_type=\"widget\" data-e-type=\"widget\" data-widget_type=\"heading.default\">\n\t\t\t\t<div class=\"elementor-widget-container\">\n\t\t\t\t\t<h2 class=\"elementor-heading-title elementor-size-default\">Salons et d\u00e9dicaces 2025-2026<\/h2>\t\t\t\t<\/div>\n\t\t\t\t<\/div>\n\t\t\t\t<div class=\"elementor-element elementor-element-65a98f6 elementor-widget elementor-widget-text-editor\" data-id=\"65a98f6\" data-element_type=\"widget\" data-e-type=\"widget\" data-widget_type=\"text-editor.default\">\n\t\t\t\t<div class=\"elementor-widget-container\">\n\t\t\t\t\t\t\t\t\t<p>Retrouvez-moi en direct des prochains \u00e9v\u00e8nements. Je serais ravie d&rsquo;\u00e9changer avec vous.\u00a0 La liste des rencontres est actualis\u00e9e r\u00e9guli\u00e8rement.<\/p>\t\t\t\t\t\t\t\t<\/div>\n\t\t\t\t<\/div>\n\t\t\t\t<div class=\"elementor-element elementor-element-d241c12 elementor-widget elementor-widget-text-editor\" data-id=\"d241c12\" data-element_type=\"widget\" data-e-type=\"widget\" data-widget_type=\"text-editor.default\">\n\t\t\t\t<div class=\"elementor-widget-container\">\n\t\t\t\t\t\t\t\t\t<ul><li><del><span style=\"text-decoration: underline;\"><strong>Samedi 15 mars 2025<\/strong><\/span><\/del>\u00a0 <strong>10h \u00e0 18h<\/strong> Salon du livre de Lalbenque Salle des f\u00eates 46230<\/li><li><del><strong><span style=\"text-decoration: underline;\">Dimanche 8 juin 2025<\/span>\u00a0<\/strong><\/del> <strong>10h \u00e0 18h<\/strong>\u00a0\u00a0 Salon du livre fantastique de Camboulit 46<\/li><li><strong><span style=\"text-decoration: underline;\"><del>Samedi 14 Juin 202<\/del>5<\/span> \u00a0 10h \u00e0 17h <\/strong>Journ\u00e9e D\u00e9dicaces\u00a0 Espace Culturel Leclerc Sarlat 24200<\/li><li><del><span style=\"text-decoration: underline;\"><strong>Samedi 6 D\u00e9cembre 2025<\/strong><\/span><\/del> <strong>10h \u00e0 18h<\/strong>\u00a0 <strong>March\u00e9 de No\u00ebl de Mondonville<\/strong><\/li><li><strong><span style=\"text-decoration: underline;\"><del>Dimanche 7 D\u00e9cembre 2025<\/del> 10h \u00e0 18h\u00a0<\/span> March\u00e9 de No\u00ebl de L&rsquo;Isles Jourdain (32)\u00a0\u00a0\u00a0\u00a0\u00a0\u00a0\u00a0\u00a0\u00a0\u00a0\u00a0\u00a0\u00a0\u00a0\u00a0\u00a0\u00a0\u00a0\u00a0\u00a0\u00a0\u00a0\u00a0\u00a0\u00a0\u00a0\u00a0\u00a0\u00a0\u00a0\u00a0\u00a0\u00a0\u00a0\u00a0\u00a0\u00a0\u00a0\u00a0\u00a0\u00a0\u00a0\u00a0\u00a0\u00a0\u00a0\u00a0\u00a0\u00a0\u00a0\u00a0\u00a0\u00a0\u00a0\u00a0\u00a0\u00a0\u00a0\u00a0\u00a0\u00a0\u00a0\u00a0\u00a0 &#8212;&#8212;&#8212;&#8212;&#8212;&#8212;&#8212;&#8212;&#8212;&#8212;&#8212;&#8212;&#8212;&#8212;&#8212;&#8212;<\/strong><\/li><\/ul><p><strong>\u00a0\u00a0\u00a0\u00a0 2026<\/strong><\/p><ul><li><span style=\"text-decoration: underline;\"><strong>7 f\u00e9vrier 2026<\/strong><\/span> Salon du livre de Balma 31<\/li><li><strong>8 mars 2026 <\/strong>Salon du livre de Martiel (12200) de 10h \u00e0 17h<\/li><li><span style=\"text-decoration: underline;\"><strong>11 et 12 Avril 2026<\/strong><\/span>\u00a0 L&rsquo;Imagina&rsquo;livres Portet\/Garonne 31 (sur liste attente)<\/li><li><span style=\"text-decoration: underline;\"><strong>6 et 7 juin 2026<\/strong> <\/span>Anime Pop and Game APG Brugui\u00e8res 31<\/li><li><span style=\"text-decoration: underline;\"><strong>14 Novembre 2026<\/strong> <\/span>Oasis litt\u00e9raire Toulouse M\u00e9tropole<\/li><li><em>Autres dates \u00e0 venir<\/em><\/li><\/ul>\t\t\t\t\t\t\t\t<\/div>\n\t\t\t\t<\/div>\n\t\t\t\t\t<\/div>\n\t\t\t\t<\/div>\n\t\t<div class=\"elementor-element elementor-element-4d9ae49 e-flex e-con-boxed wpr-particle-no wpr-jarallax-no wpr-parallax-no wpr-sticky-section-no wpr-equal-height-no e-con e-parent\" data-id=\"4d9ae49\" data-element_type=\"container\" data-e-type=\"container\">\n\t\t\t\t\t<div class=\"e-con-inner\">\n\t\t\t\t<div class=\"elementor-element elementor-element-f0ed29f elementor-widget-divider--view-line elementor-widget elementor-widget-divider\" data-id=\"f0ed29f\" data-element_type=\"widget\" data-e-type=\"widget\" data-widget_type=\"divider.default\">\n\t\t\t\t<div class=\"elementor-widget-container\">\n\t\t\t\t\t\t\t<div class=\"elementor-divider\">\n\t\t\t<span class=\"elementor-divider-separator\">\n\t\t\t\t\t\t<\/span>\n\t\t<\/div>\n\t\t\t\t\t\t<\/div>\n\t\t\t\t<\/div>\n\t\t\t\t<div class=\"elementor-element elementor-element-bb91ffc elementor-widget elementor-widget-heading\" data-id=\"bb91ffc\" data-element_type=\"widget\" data-e-type=\"widget\" data-widget_type=\"heading.default\">\n\t\t\t\t<div class=\"elementor-widget-container\">\n\t\t\t\t\t<h2 class=\"elementor-heading-title elementor-size-default\">En direct<\/h2>\t\t\t\t<\/div>\n\t\t\t\t<\/div>\n\t\t\t\t<div class=\"elementor-element elementor-element-d432e1a elementor-widget elementor-widget-text-editor\" data-id=\"d432e1a\" data-element_type=\"widget\" data-e-type=\"widget\" data-widget_type=\"text-editor.default\">\n\t\t\t\t<div class=\"elementor-widget-container\">\n\t\t\t\t\t\t\t\t\t<p>Toulouse \/Blagnac\/ Mondonville et environnement proche uniquement. <a href=\"rocheryvalerie@orange.fr\">Veuillez me contacter.<\/a><\/p>\t\t\t\t\t\t\t\t<\/div>\n\t\t\t\t<\/div>\n\t\t\t\t<div class=\"elementor-element elementor-element-ac125b9 elementor-widget elementor-widget-heading\" data-id=\"ac125b9\" data-element_type=\"widget\" data-e-type=\"widget\" data-widget_type=\"heading.default\">\n\t\t\t\t<div class=\"elementor-widget-container\">\n\t\t\t\t\t<h2 class=\"elementor-heading-title elementor-size-default\">Pour un \u00e9v\u00e8nement\/d\u00e9dicaces\/ autres<\/h2>\t\t\t\t<\/div>\n\t\t\t\t<\/div>\n\t\t\t\t<div class=\"elementor-element elementor-element-657e399 elementor-widget elementor-widget-text-editor\" data-id=\"657e399\" data-element_type=\"widget\" data-e-type=\"widget\" data-widget_type=\"text-editor.default\">\n\t\t\t\t<div class=\"elementor-widget-container\">\n\t\t\t\t\t\t\t\t\t<p><a href=\"rocheryvalerie@orange.fr\">Veuillez me contacter<\/a><\/p>\t\t\t\t\t\t\t\t<\/div>\n\t\t\t\t<\/div>\n\t\t\t\t\t<\/div>\n\t\t\t\t<\/div>\n\t\t\t\t<\/div>\n\t\t","protected":false},"excerpt":{"rendered":"<p>En cours Le calendrier des salons et rencontres Les librairies et sites internet o\u00f9 trouver les livres | La boutique en ligne Vous pouvez acheter les livres et les produits d\u00e9riv\u00e9s sur la boutique en ligne directement ici. Cliquez ici pour entrer dans la boutique En librairie Espace Culturel Leclerc Sarlat Avenue de Madrazes 24200 &hellip; <\/p>\n","protected":false},"author":1,"featured_media":0,"parent":0,"menu_order":0,"comment_status":"closed","ping_status":"closed","template":"elementor_header_footer","meta":{"footnotes":""},"class_list":["post-449","page","type-page","status-publish","hentry"],"_links":{"self":[{"href":"https:\/\/valerierochery.com\/index.php\/wp-json\/wp\/v2\/pages\/449","targetHints":{"allow":["GET"]}}],"collection":[{"href":"https:\/\/valerierochery.com\/index.php\/wp-json\/wp\/v2\/pages"}],"about":[{"href":"https:\/\/valerierochery.com\/index.php\/wp-json\/wp\/v2\/types\/page"}],"author":[{"embeddable":true,"href":"https:\/\/valerierochery.com\/index.php\/wp-json\/wp\/v2\/users\/1"}],"replies":[{"embeddable":true,"href":"https:\/\/valerierochery.com\/index.php\/wp-json\/wp\/v2\/comments?post=449"}],"version-history":[{"count":59,"href":"https:\/\/valerierochery.com\/index.php\/wp-json\/wp\/v2\/pages\/449\/revisions"}],"predecessor-version":[{"id":750,"href":"https:\/\/valerierochery.com\/index.php\/wp-json\/wp\/v2\/pages\/449\/revisions\/750"}],"wp:attachment":[{"href":"https:\/\/valerierochery.com\/index.php\/wp-json\/wp\/v2\/media?parent=449"}],"curies":[{"name":"wp","href":"https:\/\/api.w.org\/{rel}","templated":true}]}}

Où trouver les livres

<div data-elementor-type="wp-page" data-elementor-id="449" class="elementor elementor-449">
				<div class="elementor-element elementor-element-94bf45c e-flex e-con-boxed wpr-particle-no wpr-jarallax-no wpr-parallax-no wpr-sticky-section-no wpr-equal-height-no e-con e-parent" data-id="94bf45c" data-element_type="container" data-e-type="container">
					<div class="e-con-inner">
				<div class="elementor-element elementor-element-ec77c86 wpr-advanced-text-style-animated wpr-fancy-text-typing wpr-animated-text-infinite-yes elementor-widget elementor-widget-wpr-advanced-text" data-id="ec77c86" data-element_type="widget" data-e-type="widget" data-settings="{&quot;anim_loop&quot;:&quot;yes&quot;}" data-widget_type="wpr-advanced-text.default">
				<div class="elementor-widget-container">
					
		<h3 class="wpr-advanced-text">

					
							<span class="wpr-advanced-text-preffix">En cours</span>
			
		<span class="wpr-anim-text wpr-anim-text-type-typing wpr-anim-text-letters" data-anim-duration="200,2000" data-anim-loop="yes">
			<span class="wpr-anim-text-inner">
									<b>Le calendrier des salons et rencontres</b>
									<b>Les librairies et sites internet où trouver les livres</b>
							</span>
			<span class="wpr-anim-text-cursor">|</span>		</span>

				
		</h3>
		
						</div>
				</div>
				<div class="elementor-element elementor-element-7385dec elementor-widget elementor-widget-heading" data-id="7385dec" data-element_type="widget" data-e-type="widget" data-widget_type="heading.default">
				<div class="elementor-widget-container">
					<h2 class="elementor-heading-title elementor-size-default">La boutique en ligne </h2>				</div>
				</div>
				<div class="elementor-element elementor-element-098d238 elementor-widget elementor-widget-text-editor" data-id="098d238" data-element_type="widget" data-e-type="widget" data-widget_type="text-editor.default">
				<div class="elementor-widget-container">
									<p>Vous pouvez acheter les livres et les produits dérivés sur la boutique en ligne directement ici.</p>								</div>
				</div>
				<div class="elementor-element elementor-element-97af40b elementor-widget elementor-widget-button" data-id="97af40b" data-element_type="widget" data-e-type="widget" data-widget_type="button.default">
				<div class="elementor-widget-container">
									<div class="elementor-button-wrapper">
					<a class="elementor-button elementor-button-link elementor-size-sm" href="https://valerie-rochery-auteure.sumupstore.com/">
						<span class="elementor-button-content-wrapper">
									<span class="elementor-button-text">Cliquez ici pour entrer dans la boutique</span>
					</span>
					</a>
				</div>
								</div>
				</div>
				<div class="elementor-element elementor-element-6c45cf5 elementor-widget-divider--view-line elementor-widget elementor-widget-divider" data-id="6c45cf5" data-element_type="widget" data-e-type="widget" data-widget_type="divider.default">
				<div class="elementor-widget-container">
							<div class="elementor-divider">
			<span class="elementor-divider-separator">
						</span>
		</div>
						</div>
				</div>
				<div class="elementor-element elementor-element-586e676 elementor-widget elementor-widget-heading" data-id="586e676" data-element_type="widget" data-e-type="widget" data-widget_type="heading.default">
				<div class="elementor-widget-container">
					<h2 class="elementor-heading-title elementor-size-default">En librairie</h2>				</div>
				</div>
				<div class="elementor-element elementor-element-bdb430f elementor-widget elementor-widget-text-editor" data-id="bdb430f" data-element_type="widget" data-e-type="widget" data-widget_type="text-editor.default">
				<div class="elementor-widget-container">
									<ul><li><strong>Espace Culturel Leclerc Sarlat</strong> Avenue de Madrazes 24200 Sarlat</li></ul>								</div>
				</div>
				<div class="elementor-element elementor-element-e8c0f0e elementor-widget-divider--view-line elementor-widget elementor-widget-divider" data-id="e8c0f0e" data-element_type="widget" data-e-type="widget" data-widget_type="divider.default">
				<div class="elementor-widget-container">
							<div class="elementor-divider">
			<span class="elementor-divider-separator">
						</span>
		</div>
						</div>
				</div>
				<div class="elementor-element elementor-element-8998487 elementor-widget elementor-widget-heading" data-id="8998487" data-element_type="widget" data-e-type="widget" data-widget_type="heading.default">
				<div class="elementor-widget-container">
					<h2 class="elementor-heading-title elementor-size-default">Salons et dédicaces 2025-2026</h2>				</div>
				</div>
				<div class="elementor-element elementor-element-65a98f6 elementor-widget elementor-widget-text-editor" data-id="65a98f6" data-element_type="widget" data-e-type="widget" data-widget_type="text-editor.default">
				<div class="elementor-widget-container">
									<p>Retrouvez-moi en direct des prochains évènements. Je serais ravie d&rsquo;échanger avec vous.  La liste des rencontres est actualisée régulièrement.</p>								</div>
				</div>
				<div class="elementor-element elementor-element-d241c12 elementor-widget elementor-widget-text-editor" data-id="d241c12" data-element_type="widget" data-e-type="widget" data-widget_type="text-editor.default">
				<div class="elementor-widget-container">
									<ul><li><del><span style="text-decoration: underline;"><strong>Samedi 15 mars 2025</strong></span></del>  <strong>10h à 18h</strong> Salon du livre de Lalbenque Salle des fêtes 46230</li><li><del><strong><span style="text-decoration: underline;">Dimanche 8 juin 2025</span> </strong></del> <strong>10h à 18h</strong>   Salon du livre fantastique de Camboulit 46</li><li><strong><span style="text-decoration: underline;"><del>Samedi 14 Juin 202</del>5</span>   10h à 17h </strong>Journée Dédicaces  Espace Culturel Leclerc Sarlat 24200</li><li><del><span style="text-decoration: underline;"><strong>Samedi 6 Décembre 2025</strong></span></del> <strong>10h à 18h</strong>  <strong>Marché de Noël de Mondonville</strong></li><li><strong><span style="text-decoration: underline;"><del>Dimanche 7 Décembre 2025</del> 10h à 18h </span> Marché de Noël de L&rsquo;Isles Jourdain (32)                                                                 &#8212;&#8212;&#8212;&#8212;&#8212;&#8212;&#8212;&#8212;&#8212;&#8212;&#8212;&#8212;&#8212;&#8212;&#8212;&#8212;</strong></li></ul><p><strong>     2026</strong></p><ul><li><span style="text-decoration: underline;"><strong>7 février 2026</strong></span> Salon du livre de Balma 31</li><li><strong>8 mars 2026 </strong>Salon du livre de Martiel (12200) de 10h à 17h</li><li><span style="text-decoration: underline;"><strong>11 et 12 Avril 2026</strong></span>  L&rsquo;Imagina&rsquo;livres Portet/Garonne 31 (sur liste attente)</li><li><span style="text-decoration: underline;"><strong>6 et 7 juin 2026</strong> </span>Anime Pop and Game APG Bruguières 31</li><li><span style="text-decoration: underline;"><strong>14 Novembre 2026</strong> </span>Oasis littéraire Toulouse Métropole</li><li><em>Autres dates à venir</em></li></ul>								</div>
				</div>
					</div>
				</div>
		<div class="elementor-element elementor-element-4d9ae49 e-flex e-con-boxed wpr-particle-no wpr-jarallax-no wpr-parallax-no wpr-sticky-section-no wpr-equal-height-no e-con e-parent" data-id="4d9ae49" data-element_type="container" data-e-type="container">
					<div class="e-con-inner">
				<div class="elementor-element elementor-element-f0ed29f elementor-widget-divider--view-line elementor-widget elementor-widget-divider" data-id="f0ed29f" data-element_type="widget" data-e-type="widget" data-widget_type="divider.default">
				<div class="elementor-widget-container">
							<div class="elementor-divider">
			<span class="elementor-divider-separator">
						</span>
		</div>
						</div>
				</div>
				<div class="elementor-element elementor-element-bb91ffc elementor-widget elementor-widget-heading" data-id="bb91ffc" data-element_type="widget" data-e-type="widget" data-widget_type="heading.default">
				<div class="elementor-widget-container">
					<h2 class="elementor-heading-title elementor-size-default">En direct</h2>				</div>
				</div>
				<div class="elementor-element elementor-element-d432e1a elementor-widget elementor-widget-text-editor" data-id="d432e1a" data-element_type="widget" data-e-type="widget" data-widget_type="text-editor.default">
				<div class="elementor-widget-container">
									<p>Toulouse /Blagnac/ Mondonville et environnement proche uniquement. <a href="rocheryvalerie@orange.fr">Veuillez me contacter.</a></p>								</div>
				</div>
				<div class="elementor-element elementor-element-ac125b9 elementor-widget elementor-widget-heading" data-id="ac125b9" data-element_type="widget" data-e-type="widget" data-widget_type="heading.default">
				<div class="elementor-widget-container">
					<h2 class="elementor-heading-title elementor-size-default">Pour un évènement/dédicaces/ autres</h2>				</div>
				</div>
				<div class="elementor-element elementor-element-657e399 elementor-widget elementor-widget-text-editor" data-id="657e399" data-element_type="widget" data-e-type="widget" data-widget_type="text-editor.default">
				<div class="elementor-widget-container">
									<p><a href="rocheryvalerie@orange.fr">Veuillez me contacter</a></p>								</div>
				</div>
					</div>
				</div>
				</div>

<p>En cours Le calendrier des salons et rencontres Les librairies et sites internet où trouver les livres | La boutique en ligne Vous pouvez acheter les livres et les produits dérivés sur la boutique en ligne directement ici. Cliquez ici pour entrer dans la boutique En librairie Espace Culturel Leclerc Sarlat Avenue de Madrazes 24200 &hellip; </p>
